+ 6. Let r be t(6). Let l be 0 + 1 + (1 - r). Suppose 4*x + l = 4*j, -j + 5 = -4*x - 27. What is the greatest common divisor of j and 3?
3
Let m = -37 + 117. Let s be (5/(-10))/((-1)/m). Suppose -3*v = b - 115, 7*b = 3*b - v + 405. Calculate the greatest common factor of b and s.
20
Let x(s) = -s**3 + 8*s**2 + 9*s + 3. Let f be x(9). Let r = 37 + f. What is the greatest common factor of r and 20?
20
Let d = 14 - 11. Suppose 8 = -d*t + 83. Calculate the greatest common divisor of 275 and t.
25
Let s(a) = a + 5. Let n be s(5). Suppose y + z = 2*z + 33, 0 = y + 4*z - 18. Calculate the highest common factor of y and n.
10
Let l = 3 - -11. Let i = 5 + -3. Calculate the highest common divisor of l and i.
2
Let j(p) = 11*p - 48. Let s be j(10). What is the greatest common factor of s and 217?
31
Let m(u) = 3*u**2 + u - 5. Let p be m(3). Calculate the highest common factor of p and 5.
5
Let c = 251 - 132. Calculate the greatest common factor of 17 and c.
17
Let u = 32 - 22. Suppose o + 0*o + 5 = 0. Let z = o - -7. What is the highest common divisor of u and z?
2
Let y(r) = 23*r**2 + r - 1. Let m be y(1). What is the highest common factor of m and 46?
23
Let b = -36 + 21. Let y be 218/2 + b/(-5). Calculate the highest common divisor of 14 and y.
14
Let j = 113 - 109. Let b(h) = -4*h. Let s be b(-5). What is the greatest common divisor of s and j?
4
Suppose 3*d = -d + 188. Let r = d + -14. What is the highest common factor of 264 and r?
33
Let i = 2 + -2. Suppose y - 1 - 5 = a, i = -4*y + a + 21. Calculate the highest common factor of 20 and y.
5
Suppose 4*u - 3*b - 8 = -8*b, 0 = -u - 2*b + 2. Suppose 0 = -u*k + 35 - 13. Calculate the greatest common factor of 88 and k.
11
Let g = 1 + 2. Let n = 23 - 14. What is the greatest common divisor of n and g?
3
Let y(j) = -j**2 + 3*j + 3. Let d be y(3). Suppose -2*u - d = 3, -4*u + 213 = 5*t. What is the highest common divisor of t and 18?
9
Let p = 5 + -2. What is the highest common factor of p and 1?
1
Let a(y) = 3*y. Let x be a(1). Let k = 4 - x. Let v be k/(-2)*-11*2. Calculate the greatest common divisor of v and 88.
11
Let x = 7 - 2. Suppose o + 4*d = 128, 2*d = -x*o + o + 568. What is the greatest common divisor of 18 and o?
18
Let c(q) = 2*q**3 + q**2. Let b be c(1). Suppose b*m + 3 = -p - 3, -5*p + 42 = -3*m. Calculate the greatest common factor of p and 1.
1
Let u(r) = -r**3 - 4*r**2 - 3*r + 2. Let p be u(-3). Suppose -405 = -5*f + 5*k, -174 = -p*f - 3*k + 8*k. Calculate the highest common divisor of 7 and f.
7
Suppose -2*h + 5*n + 1 = 0, n + 4*n - 5 = 0. Suppose 20 = 5*r, 6*k - 5*r = h*k + 22. What is the highest common divisor of 112 and k?
14
Let v = 4 + -7. Let t be 124/12 - (-1)/v. Calculate the greatest common divisor of t and 40.
10
Suppose -6*q = -32 - 4. What is the highest common factor of 18 and q?
6
Suppose 4*v = -16, -2*v = -2*b - 7 + 43. Calculate the greatest common factor of 56 and b.
14
Let p be (-2)/2 + 10 + 3. Suppose -40 = -3*o - 4*i, 3*i - 6 = -3. Calculate the highest common divisor of p and o.
12
Suppose -k - 71 = -3*v, 0*k + 2*k = 2. Suppose 3*h - 3 - 3 = 0. Suppose -34 - h = -a. Calculate the greatest common divisor of a and v.
12
Suppose 2*u - 5*u = -12. Let y = 1 + u. Let h(l) = 2*l**3 - 5*l**2 - 2*l. Let m be h(4). What is the greatest common factor of y and m?
5
Let a(g) = -24*g**2. Let f be a(-1). Let m be (f/(-15))/(6/15). Let r = 3 + -2. What is the greatest common divisor of r and m?
1
Let c(o) = 40*o**2 + 3*o + 2. Let u be c(2). Calculate the highest common factor of 24 and u.
24
Suppose -7*b + 2*b = 2*t - 264, -5*t + 660 = -5*b. Suppose -2*n + t = n. Suppose -5*q + q = -n. Calculate the greatest common divisor of 22 and q.
11
Let h be (9 + -3)*(0 - 2). Let x = 3 - h. Let a = 23 - x. Calculate the greatest common factor of 56 and a.
8
Let z = -5 - -17. Suppose 2*u = -4*k + 28, -3 = 3*u - 2*k - k. Suppose -u*d + 36 = -d. What is the greatest common factor of d and z?
12
Let g be (-1)/(2/((-4)/2)). Calculate the highest common factor of 2 and g.
1
Let w = -119 - -218. Suppose -4*k = -3*k - 4*q - 33, -5*k = 3*q - 280. Suppose k = 4*x + 17. Calculate the highest common factor of x and w.
9
Suppose 19 = -6*c - 665. Let y be (6/8)/(2/(-184)). Let u = y - c. What is the greatest common divisor of 5 and u?
5
Let u = -59 + 91. Suppose -5*v + 55 = 2*b - 183, 242 = 5*v + 3*b. Let a = v - u. Calculate the greatest common factor of 2 and a.
2
Let j(t) = 3*t + 4*t + 2 - 8*t. Let o be j(-6). What is the greatest common divisor of 4 and o?
4
Let m be 39/4 + (-1)/(-4). What is the greatest common divisor of 80 and m?
10
Let z(i) = -5 + 6 + 8 - i. Let a be z(0). Suppose 2*t - 1 - a = 4*s, -2*s = 4. What is the greatest common factor of t and 1?
1
Let o(q) = 4*q + 14. Let g be o(-3). What is the highest common divisor of 6 and g?
2
Let m(y) = y**3 + 11*y**2 + 4*y - 21. Let w be m(-10). Calculate the greatest common divisor of 26 and w.
13
Let o(x) = 17*x**2 + 3*x - 4. Let q be o(-3). What is the highest common factor of 56 and q?
28
Let r be (-3)/1*(-52)/12. Let u = 404 + -261. What is the greatest common divisor of u and r?
13
Suppose 0*m - 3*u = -5*m + 26, -2*u - 16 = -3*m. What is the highest common divisor of m and 28?
4
Let i be (-4)/6 + 43/(-3). Let p = i + 47. Calculate the greatest common divisor of 4 and p.
4
Let u(s) = 3*s - 7. Let v be u(6). Let y be 51*2/3 - 1. Calculate the highest common divisor of v and y.
11
Let r(o) = -o + 5. Let h be r(-11). Suppose -4*y + h + 144 = 0. What is the greatest common divisor of y and 5?
5
Let u = 6 + -3. Suppose -3*z + 87 = 3*f, -u*z + 2*f = 7*f - 79. Calculate the highest common factor of 11 and z.
11
Suppose 1 = 3*r - 2. Suppose 1 + 9 = 2*k. Calculate the greatest common divisor of r and k.
1
Let c be (-118)/(-14) + (-21)/49. What is the highest common divisor of 1 and c?
1
Let t = 0 - -7. Let g be (-2)/(-6) - 82/3. Let u = g - -104. What is the highest common factor of t and u?
7
Let f be 6/8*24/9. Suppose -4*m - f*y = 3*y - 21, 2*m = -2*y + 12. Calculate the highest common divisor of 1 and m.
1
Let u(p) = -p**3 - 4*p**2 + 3*p - 3. Suppose -2*y - 10 = -0*y. Let r be u(y). What is the greatest common divisor of 1 and r?
1
Let p = 81 + -61. What is the highest common divisor of 10 and p?
10
Let n be (385/(-5))/(1 + -2). Let w = 213 - n. Calculate the highest common factor of 17 and w.
17
Let z(q) = -10*q**2 + 0*q - 3*q + 4*q**3 - 5*q**3 - 5 + q. Let f be z(-10). Calculate the greatest common factor of 3 and f.
3
Suppose 3*t - 8 = 4. Suppose 56 = i - t*v + 6, 5*v + 136 = 3*i. Suppose -3*f - 2*j + 90 = 0, j - 15 = -4*j. What is the greatest common divisor of f and i?
14
Let n be (-4)/1 + 94 - (-2 + 4). Let f = 0 - -22. Calculate the greatest common factor of f and n.
22
Let a = -2 - -10. Let u be 54/a - (-6)/(-8). What is the highest common factor of u and 9?
3
Suppose -4*w - 8 = 0, 2*v + 3*w + 0 = -4. Calculate the greatest common factor of v and 1.
1
Let v = 40 + 7. Let j = v - 27. What is the greatest common divisor of j and 10?
10
Let u = -20 + 60. Let r(f) = -f**2 - 2*f - 2. Let q be r(6). Let b be ((-4)/(-5))/((-4)/q). Calculate the greatest common factor of u and b.
10
Suppose -5*z + 4*z = -3*c + 6, -2*z = 5*c - 10. Suppose 20 = -0*n + c*n. Calculate the highest common divisor of n and 10.
10
Let t = 3 + 0. Suppose -3*g = -0*g, -t*y + g = -315. Calculate the greatest common divisor of 15 and y.
15
Suppose 0 = -0*z + z - 9. Let p(c) = 2*c**2 - 7*c - 3. Let k be p(6). Calculate the greatest common factor of k and z.
9
Let a(r) = 7*r**3 - 3*r**2 + 6*r - 4. Let l be a(3). What is the greatest common factor of l and 16?
16
Let o be (-78)/9*-3 - -4. What is the highest common factor of 45 and o?
15
Let t(m) = -2*m - 1. Let i be t(-7). Suppose 3*w - 4*p = -5, 4*w + 3*p - i = -3. Calculate the greatest common divisor of 7 and w.
1
Suppose 2*l = -l. Suppose -4*d - d = -3*v - 18, -v - 2*d - 6 = l. Let o(b) = -b**2 - 9*b - 8. Let q be o(v). Calculate the highest common divisor of q and 70.
10
Suppose -5*j + 5*w + 45 = 0, -3*w + 43 = 4*j - 14. What is the greatest common divisor of 132 and j?
12
Suppose 215 - 35 = 5*p. Suppose 5*b + 38 = 2*j, 0 = 2*j + 2*j + b - 98. What is the greatest common factor of j and p?
12
Suppose 3*w - 21 = -0*p -